 what is -1 + 25?
24
In base 8, what is 4 + 312?
316
In base 13, what is 136 - -6?
13c
In base 5, what is 12 - 214?
-202
In base 2, what is -11 + -10010001?
-10010100
In base 13, what is 26 - 19?
a
In base 13, what is -a4 - 5?
-a9
In base 8, what is -11 - 0?
-11
In base 13, what is 2b + 5?
33
In base 16, what is 2 - 39?
-37
In base 14, what is -9 - -75?
6a
In base 10, what is 19 + -29?
-10
In base 15, what is -c + -1b9?
-1c6
In base 4, what is 2 - -20323?
20331
In base 15, what is 4 + 10?
14
In base 10, what is 69 + 208?
277
In base 8, what is -2 + 13?
11
In base 4, what is 3 - 111013?
-111010
In base 2, what is 11001101 + 101?
11010010
In base 15, what is 0 + -e1c?
-e1c
In base 11, what is -10 + 169?
159
In base 7, what is -1515 - -6?
-1506
In base 13, what is -a + 196?
189
In base 3, what is 120210 - 12?
120121
In base 16, what is 195 + -8?
18d
In base 13, what is -3 - 2054?
-2057
In base 16, what is -184 - -8?
-17c
In base 16, what is -5 + 31?
2c
In base 14, what is 0 - 142?
-142
In base 9, what is 2 - -374?
376
In base 9, what is 18 - -5?
24
In base 13, what is -13b - -17?
-124
In base 9, what is 4 - -215?
220
In base 4, what is 22 - 101?
-13
In base 6, what is -221 + 4?
-213
In base 13, what is -15 + 5b6?
5a1
In base 14, what is 2 + 168?
16a
In base 4, what is 3 - -21301?
21310
In base 10, what is -1023 + 1?
-1022
In base 12, what is 3 + 17?
1a
In base 12, what is 0 + -34?
-34
In base 7, what is -3562 - 1?
-3563
In base 12, what is 4 - 66?
-62
In base 8, what is 2507 + 0?
2507
In base 9, what is 7 + 46?
54
In base 6, what is 3 + 342?
345
In base 3, what is 211212 + -1120?
210022
In base 9, what is 5 - 26?
-21
In base 3, what is 2 - 1211210?
-1211201
In base 16, what is 3 - 11b?
-118
In base 6, what is -14 + -30?
-44
In base 9, what is 5408 + -2?
5406
In base 13, what is 0 + 28?
28
In base 6, what is -42 - 4?
-50
In base 9, what is -53 - -2?
-51
In base 5, what is -112440 + -1?
-112441
In base 10, what is 80 - -5?
85
In base 14, what is 0 + -83?
-83
In base 12, what is -5 - 141?
-146
In base 14, what is -67 - 9?
-72
In base 5, what is -3 - 231?
-234
In base 14, what is -123d - -5?
-1238
In base 8, what is 0 - -367?
367
In base 7, what is -3 + 26?
23
In base 4, what is 1 + 12113?
12120
In base 13, what is 21 - 14a?
-129
In base 4, what is 1221030 + 2?
1221032
In base 5, what is 4 - -32?
41
In base 13, what is 28 - 1a?
b
In base 15, what is 5 - 7c?
-77
In base 7, what is 45442 + 0?
45442
In base 13, what is -4 - -434?
430
In base 6, what is 12145 - 0?
12145
In base 7, what is 106 + -11?
65
In base 12, what is 1a - -11?
2b
In base 3, what is -12 - 111200?
-111212
In base 15, what is -2 + 7b5?
7b3
In base 9, what is -618 + -3?
-622
In base 13, what is -2b - -9?
-22
In base 10, what is -5 - 110?
-115
In base 12, what is 0 - -111?
111
In base 8, what is 17 - 750?
-731
In base 4, what is -332 - 2?
-1000
In base 11, what is 5 + -40?
-36
In base 3, what is -122200 + 12?
-122111
In base 3, what is 1002 + 10021?
11100
In base 3, what is -1 - -2022000?
2021222
In base 11, what is -5 + 1747?
1742
In base 8, what is -4 + -55?
-61
In base 3, what is 12 - 1000210?
-1000121
In base 6, what is 40 + 224?
304
In base 10, what is -3436 - -6?
-3430
In base 3, what is -222002 + 10?
-221222
In base 12, what is 1118 + 2?
111a
In base 6, what is 0 + -1005?
-1005
In base 10, what is -466 - 3?
-469
In base 14, what is 26b - -b?
278
In base 10, what is 2 - -1027?
1029
In base 10, what is 429 - 2?
427
In base 8, what is 1257 + 5?
1264
In base 5, what is 4 - 204212?
-204203
In base 11, what is -3 - -7a?
77
In base 4, what is 232 + 2010?
2302
In base 14, what is 1658 + -7?
1651
In base 9, what is 0 + -24?
-24
In base 3, what is 21 + 100?
121
In base 16, what is 45 + 5?
4a
In base 13, what is -7 - -4b6?
4ac
In base 13, what is a6 - -1?
a7
In base 14, what is -69c + 7?
-695
In base 9, what is 2 + -2?
0
In base 10, what is 3 - -396?
399
In base 12, what is -83a + -8?
-846
In base 6, what is -40 - 5?
-45
In base 7, what is 32 + -4?
25
In base 2, what is -110 - -100111110?
100111000
In base 5, what is -12 + -2001?
-2013
In base 5, what is 4041 - -1?
4042
In base 5, what is -321 - 133?
-1004
In base 4, what is -12132122 - 0?
-12132122
In base 6, what is -5 - 100?
-105
In base 6, what is 3 + -51?
-44
In base 10, what is 0 - 205?
-205
In base 16, what is -2 - 41?
-43
In base 9, what is 5 + -167?
-162
In base 11, what is 0 - -4a?
4a
In base 16, what is -4 - -1c?
18
In base 6, what is 40 - 0?
40
In base 6, what is 543 + 20?
1003
In base 2, what is -111000 + 10?
-110110
In base 10, what is -1 - -353?
352
In base 3, what is -111 + 21111?
21000
In base 9, what is -1178 + -5?
-1184
In base 5, what is 230034 - 4?
230030
In base 6, what is -13041 - -11?
-13030
In base 4, what is 1 - -121?
122
In base 11, what is 5 - -29?
33
In base 2, what is 10001 - 101?
1100
In base 5, what is -10 - 42114?
-42124
In base 16, what is -cc4 + 4?
-cc0
In base 12, what is -11 - -38b?
37a
In base 15, what is 3 + 203?
206
In base 3, what is 212 + 1111?
2100
In base 13, what is -23c + 1?
-23b
In base 9, what is 0 + 77?
77
In base 14, what is -d - -6?
-7
In base 6, what is -2 + 2?
0
In base 5, what is -2202 - -4?
-2143
In base 2, what is -101101110101 - -1?
-101101110100
In base 13, what is -c - -2a?
1b
In base 10, what is 33 - -6?
39
In base 6, what is -23 - -11?
-12
In base 2, what is 0 - -1111011010?
1111011010
In base 2, what is 11011 - -101?
100000
In base 2, what is -10 - 110100?
-110110
In base 10, what is 64 - -9?
73
In base 6, what is 30 - 41?
-11
In base 5, what is -1231 - -1?
-1230
In base 8, what is 4 + -61?
-55
In base 11, what is 70 + 4?
74
In base 13, what is 1240 + 2?
1242
In base 5, what is -10 - 120?
-130
In base 16, what is -ba - -9?
-b1
In base 4, what is -10 - -132211?
132201
In base 4, what is 21 - 13120?
-13033
In base 2, what is 1001010110 + -110?
1001010000
In base 11, what is -1971 + -5?
-1976
In base 16, what is -3 - -5e?
5b
In base 7, what is -1 - -26?
25
In base 13, what is -43 + -5?
-48
In base 6, what is 4114 - 4?
4110
In base 5, what is 132 + -10?
122
In base 5, what is 1133 - -13?
1201
In base 5, what is -114431 - -10?
-114421
In base 6, what is 3354 - -5?
3403
In base 8, what is -33 + 0?
-33
In base 8, what is 202 - 1?
201
In base 11, what is -12 + 16?
4
In base 2, what is -10101100 - 101101?
-11011001
In base 6, what is -2 - -151?
145
In base 14, what is bdd + 1?
c00
In base 7, what is 0 - -14624?
14624
In base 14, what is -2 - 68?
-6a
In base 13, what is 402 - 2?
400
In base 2, what is 10 + 110110000?
110110010
In base 14, what is -4 - -18b?
187
In base 12, what is 34 + 103?
137
In base 16, what is 0 - 8b?
-8b
In base 9, what is 3 - -80?
83
In base 2, what is 0 + 1010100?
1010100
In base 13, what is -365 + -45?
-3aa
In base 10, what is -19 - -176?
157
In base 2, what is 1001110 - -11?
1010001
In base 6, what is 21 - -15?
40
In base 14, what is 34 - -2?
36
In base 4, what is 3 + 23?
32
In base 4, what is 2211 - -21?
2232
In base 3, what is 101 + 0?
101
In base 7, what is 10 - 300?
-260
In base 10, what is -3865 + -5?
-3870
In base 15, what is 2 + 448?
44a
In base 8, what is -2 + -50?
-52
In base 11, what is 564 - 5?
55a
In base 5, what is 100 + 1000?
1100
In base 6, what is 14312 + 10?
14322
In base 8, what is -1 - 355?
-356
In base 11, what is 4 + -541?
-538
In base 5, what is -12 - 240?
-302
In base 10, what is -1 + 4?
3
In base 11, what is 25a5 - 5?
25a0
In base 5, what is -1101 - -2?
-1044
In base 13, what is 20 + 4?
24
In base 2, what is -10000111 - -101?
-10000010
In base 8, what is 24 + 5?
31
In base 15, what is -2 + 868?
866
In base 15, what is 2a + -56?
-2b
In base 11, what is 2 + 991?
993
In base 7, what is -1 + 54?
53
In base 15, what is -9 + 4?
-5
In base 10, what is 353 + -4?
349
In base 8, what is 5 - 2?
3
In base 9, what is 62 - 12?
50
In base 4, what is -1 + -210300?
-210301
In base 14, what is 174b + -1?
174a
In base 14, what is 24 - -27?
4b
In base 9, what is 37 - 10?
27
In base 12, what is 1b + 16?
35
In base 16, what is 2b8 - -2?
2ba
In base 13, what is 5 + -25?
-20
In base 14, what is -6a00 - 0?
-6a00
In base 3, what is -1100 + 1?
-1022
In base 9, what is 247 + -4?
243
In base 2, what is -1000 - -10101?
1101
In base 12, what is -a8 - 2?
-aa
In base 1